141 + 22340?
15166
In base 4, what is -1 - 30313031012033?
-30313031012100
In base 6, what is -24 + -45114122?
-45114150
In base 15, what is -1 + -6a97dc?
-6a97dd
In base 15, what is 37de8bee - -3?
37de8c02
In base 9, what is -453 + -507064?
-507527
In base 13, what is -168647 - 17?
-168661
In base 8, what is 3 - -26236726?
26236731
In base 13, what is 249 - -17784?
17a00
In base 10, what is -568135 + 233?
-567902
In base 16, what is -5 + -a8ea8?
-a8ead
In base 3, what is 1211 + -121210020122?
-121210011211
In base 16, what is -2ba - -16fc?
1442
In base 8, what is 17442 - -536?
20200
In base 6, what is 1031 + -1004322?
-1003251
In base 9, what is 2353 - 126025?
-123562
In base 8, what is 2 + -1471311?
-1471307
In base 16, what is 18 - -f6428?
f6440
In base 14, what is -a192 + -133?
-a2c5
In base 9, what is 2441832 + 4?
2441836
In base 6, what is -103 - 25310014?
-25310121
In base 7, what is 25 - 336340?
-336312
In base 12, what is 1 - -1305a41?
1305a42
In base 5, what is 114112 - -21400011?
22014123
In base 4, what is 30103 - -3102?
33211
In base 13, what is -13 + -380060c?
-3800622
In base 14, what is -335 - -bd?
-256
In base 6, what is -4 + 52253220?
52253212
In base 11, what is -20 + -2152291?
-2152301
In base 6, what is 353403 + 1404?
355211
In base 12, what is 190 + 987b3b?
98810b
In base 13, what is 73c6b - 1b?
73c50
In base 9, what is 2484 + 10272?
12766
In base 14, what is -16 - 123491?
-1234a7
In base 8, what is -3 - 126713173?
-126713176
In base 15, what is 87 + 2aed?
2b85
In base 13, what is 5ab8 - 5928?
190
In base 14, what is 3 + -265031?
-26502c
In base 10, what is -7718 + -9737?
-17455
In base 4, what is 10 - 13131130103?
-13131130033
In base 14, what is -2b1 - 6ccc?
-719d
In base 4, what is 130020332111 + -3?
130020332102
In base 2, what is -10101 + -1010110001011010110?
-1010110001011101011
In base 7, what is -206 - -1124122?
1123613
In base 10, what is -46764 - 416?
-47180
In base 10, what is 1144948 - -4?
1144952
In base 9, what is -28 + -1367357?
-1367386
In base 6, what is 34 - 43022213?
-43022135
In base 13, what is -21b + -169801?
-169a1c
In base 13, what is -14618 + -10?
-14628
In base 16, what is -1a92 - -cf5d?
b4cb
In base 5, what is -122023 + 14034342?
13412314
In base 16, what is -3caa0 - 37?
-3cad7
In base 6, what is 122 + 22222434?
22223000
In base 15, what is 12085 - 79c?
117d8
In base 8, what is 4 - -746723565?
746723571
In base 16, what is 1cf3d2 + 5?
1cf3d7
In base 9, what is 43 - -216167?
216221
In base 2, what is -110 - 11100111101110001?
-11100111101110111
In base 2, what is 110100101011101001110001 + 100110?
110100101011101010010111
In base 6, what is 1 - -211534540?
211534541
In base 5, what is 1422 + 214412223?
214414200
In base 2, what is 1010010 + -1001000000?
-111101110
In base 3, what is -101 + -11102022120021211?
-11102022120022012
In base 2, what is -11011001110 + -1101111110101?
-10001011000011
In base 16, what is 78b37 - -32d?
78e64
In base 8, what is -326260 + 14653?
-311405
In base 9, what is 102852 + -234?
102617
In base 9, what is -1 + -26358417?
-26358418
In base 6, what is -13 + 525401435?
525401422
In base 7, what is -13626140 - -34?
-13626103
In base 12, what is 299716625 - 5?
299716620
In base 12, what is -23a09 + -10a?
-23b17
In base 2, what is 111010101110 - 101011?
111010000011
In base 8, what is 30205 + -7074?
21111
In base 9, what is -48 - 67664?
-67723
In base 15, what is -e56 + -5a1?
-1507
In base 10, what is -732 - -1580789?
1580057
In base 9, what is -34346 - 1421?
-35767
In base 10, what is 103239724 + 0?
103239724
In base 7, what is -45 + 155024442?
155024364
In base 4, what is 10301101100 + -13110?
10301021330
In base 14, what is -6d58 - 13d60?
-1acb8
In base 11, what is -8953 + 896?
-8068
In base 2, what is -101101110001101111010 + -1001?
-101101110001110000011
In base 9, what is 508 - 3260522?
-3260013
In base 9, what is 113333 - 618?
112614
In base 8, what is -75456 - -13045?
-62411
In base 4, what is -30332212 + -333210?
-31332022
In base 13, what is -99 + 14c02?
14b36
In base 3, what is 100220022102002 + 22101?
100220022201110
In base 5, what is 131201332 - -2141?
131204023
In base 15, what is -27193b + 3?
-271938
In base 16, what is 32c3f73 - 3?
32c3f70
In base 14, what is 76 + 64d?
6c5
In base 9, what is -11075 - -44010?
32824
In base 15, what is -27ede - -123?
-27dbb
In base 3, what is 20 - 11200220101001121?
-11200220101001101
In base 5, what is -1230022431134 + -10?
-1230022431144
In base 15, what is 42 + c5a95?
c5ad7
In base 6, what is 340 - -113310?
114050
In base 8, what is -1 - 132114541?
-132114542
In base 13, what is 1b46 - -17c3?
3639
In base 2, what is -11110010 + -1001101111101110?
-1001110011100000
In base 10, what is 129 - 417?
-288
In base 15, what is 16b4741 + -3?
16b473d
In base 13, what is 1484ab3 - -7?
1484aba
In base 8, what is 404351 + 343?
404714
In base 15, what is 27b + -a7401?
-a7175
In base 4, what is 1012010 + -10002331?
-2330321
In base 9, what is 757887 + 75?
758073
In base 7, what is -3 + -225236521?
-225236524
In base 6, what is -10 + -21001450?
-21001500
In base 12, what is -3 + -3437709?
-3437710
In base 14, what is 52 + -12432c?
-1242ba
In base 16, what is -9 + 2e5a4b?
2e5a42
In base 9, what is -162074645 + -2?
-162074647
In base 11, what is 39 - 223799?
-223760
In base 7, what is -5 - -1455666610?
1455666602
In base 6, what is 5 - -2251421414?
2251421423
In base 14, what is -4 - -247729ac?
247729a8
In base 8, what is 23250306 - 5?
23250301
In base 8, what is 27261 + -13677?
13362
In base 10, what is -3 + 679132?
679129
In base 8, what is 20273177 - -121?
20273320
In base 7, what is -1232043 + -60?
-1232133
In base 12, what is 3878a + -211?
38579
In base 16, what is bc3e08 - 2?
bc3e06
In base 7, what is -13 + 52221633?
52221620
In base 4, what is 11121032313131 - -1?
11121032313132
In base 4, what is -2332030213131 + -10?
-2332030213201
In base 4, what is -3312303222212 + -20?
-3312303222232
In base 10, what is -1 + 2085048?
2085047
In base 13, what is 50 - 37ac9?
-37a79
In base 10, what is 106714080 - -2?
106714082
In base 8, what is -2 + -215520215?
-215520217
In base 13, what is -13585c7 - 66?
-1358660
In base 4, what is -2201 + 300312100?
300303233
In base 12, what is ba15335 - 1?
ba15334
In base 7, what is 26144311 - 10?
26144301
In base 5, what is 0 + -1234201043?
-1234201043
In base 6, what is 2 - 423533314?
-423533312
In base 5, what is 1210 + -1301330?
-1300120
In base 6, what is -15 - -22105455?
22105440
In base 6, what is 5 + 2200451245?
2200451254
In base 3, what is 2202221100222 - 12?
2202221100210
In base 9, what is 52 + -148310?
-148247
In base 3, what is 1222102211102011 + -101?
1222102211101210
In base 13, what is 100 + 94291?
94391
In base 12, what is 3a4 - 348655?
-348271
In base 14, what is 5 + 4b0c242?
4b0c247
In base 10, what is -22 + -45248?
-45270
In base 6, what is -1110 + -13353423?
-13354533
In base 2, what is -1011010110 - 1110010100010010?
-1110011111101000
In base 9, what is 2047042 - 230?
2046712
In base 7, what is -1463 + -15003?
-16466
In base 7, what is 5 - 315566556?
-315566551
In base 7, what is 2052064 + -15?
2052046
In base 16, what is -144d + -6b2?
-1aff
In base 4, what is -11 - 22302311120233?
-22302311120310
In base 10, what is 2644595 + 34?
2644629
In base 10, what is -26 - -1558120?
1558094
In base 11, what is 14a + 163626?
163775
In base 2, what is -110010100000 + -100100110001?
-1010111010001
In base 9, what is -3 + -5766357?
-5766361
In base 14, what is 827 - -3160?
3987
In base 2, what is 11010110 + -1001001000111011111?
-1001001000100001001
In base 11, what is -5 - -119724a3?
11972499
In base 2, what is 110001110011011000011000011 + 111?
110001110011011000011001010
In base 9, what is -440430 - -181?
-440238
In base 12, what is -591952 + 4?
-59194a
In base 14, what is -4 + -1176c1c5?
-1176c1c9
In base 5, what is 203000010204 + -4?
203000010200
In base 12, what is 59aa6 + -49bb?
550a7
In base 12, what is -1a41 - 537b8?
-55639
In base 8, what is 106 + 320751?
321057
In base 5, what is -4421043 - -1043?
-4420000
In base 11, what is 27 + -4642725?
-46426a9
In base 5, what is -11314311 + -122232?
-11442043
In base 5, what is -1301022 + -2002?
-1303024
In base 5, what is -42400330 + -3310?
